 - 7. Let r(t) = t**3 + t + 1. Calculate r(z).
-1
Suppose 4*d - d - 15 = 0. Suppose -2*r - d = -r. Let t(g) = g**2 + 6*g + 2. Calculate t(r).
-3
Suppose -2 = -5*s + 2*s + 2*b, -5*s - 5*b + 20 = 0. Suppose 0 = 3*l - s*l - 2. Let u(c) = 0*c - c + l*c. What is u(5)?
5
Let t(o) be the third derivative of o**6/120 - o**5/60 + o**4/24 + 3*o**3/2 + 2*o**2. Suppose -5*k = -0*k. Calculate t(k).
9
Let x(d) = 2 + 2*d - 1 - 6*d. Let j(y) = y. Let l(c) = 3*j(c) + x(c). Determine l(-6).
7
Let h(z) = 3*z**3 - 3*z**2 + 2*z**2 - 4*z**3 + 3 + 4*z. Give h(-3).
9
Let q(f) = -f. Let h(z) = -z + 7. Let o be h(5). Suppose 3*g + 3 = 0, 2*s = -4*g + o - 4. Let y = s + -4. Calculate q(y).
3
Let v(w) = -w**3 + 8*w**2 - w + 8. Let c be v(8). Let y(d) = -1 - 1 - d**3 - d + c*d**2 + 1 - 3*d**2. Let j be (-5)/2 + (-4)/(-8). Calculate y(j).
-3
Let l be 8/12 + 4/3. Let q be ((-3)/l)/3*-2. Let j(i) = 3*i + 1 - 7*i + 2*i + 4*i**3. Calculate j(q).
3
Let f(p) = -5*p**3 - 5*p**2 + 4*p - 14. Let t(j) = -j**3 - j**2 + j - 1. Let m(y) = f(y) - 4*t(y). Let r(o) = 3*o - 6. Let n be r(2). Determine m(n).
-10
Let k(d) be the third derivative of -d**6/40 + d**4/24 + d**3/3 - d**2. Let m(z) be the first derivative of k(z). Calculate m(1).
-8
Let r(h) = 0*h + 3*h - h + 10*h**2 - 3*h. Determine r(-1).
11
Suppose 0 = a + a. Let u be 4 + -4 - (-4 - a). Let s(d) = d. Determine s(u).
4
Let l(p) = p + 1. Let t(y) = 10*y + 7. Let s(i) = -6*l(i) + t(i). Determine s(-3).
-11
Let m(j) = -j**2 + 6*j - 3. Let t be (1/2)/(19/152). Give m(t).
5
Let u(c) = 1 + 2*c + c + c**2 - c. Suppose -p - 2*i + 3 = 0, -3*p + 8 = 3*i + 2*i. Suppose 4*g - q + p + 2 = 0, -3*g - 4*q = 26. What is u(g)?
1
Let z(a) = 6*a**3 + 0 + 10*a**3 - 1 + 0. Determine z(1).
15
Suppose 5*l - 10 = 4*j, l + 2*j + 17 = -j. Let x(g) = g**2 + g - 1. Let d be x(l). Let s(y) = 6*y. Determine s(d).
6
Let x(a) = 3*a + 4. Let j = 13 - 11. Suppose -j*n = -5*n - 9. Calculate x(n).
-5
Let a(v) = -8*v**3 - v. Suppose 0 = 25*d - 24*d + 1. Give a(d).
9
Let u(p) = 3 + 2*p**2 - 14*p**2 - 8*p + 11*p**2. Give u(-7).
10
Suppose -79 = 3*a - 595. Let b(g) = -1 - 6*g**2 - 1 - 165*g + a*g + g**3 - 1. Let n = 1 - -4. Give b(n).
7
Let l(x) = x. Let b = 6 - 6. Suppose 4 = -b*q + 2*q. What is l(q)?
2
Let z(v) be the second derivative of 0*v**3 - 1/24*v**5 - 1/360*v**6 + 0 - 1/12*v**4 + v + 0*v**2. Let j(m) be the third derivative of z(m). What is j(-4)?
3
Suppose h + 0*k - k = 3, 0 = -3*h - 5*k + 25. Let y(w) be the first derivative of 3*w**2/2 - 7*w + 6. Calculate y(h).
8
Let q(g) = -g**2 - 2*g + 4. Let k(x) = -x**2 - 10*x - 13. Let p be k(-9). Determine q(p).
-4
Let d(t) = 7*t - 10. Let j(c) = -1 + 12 + 10 - 15*c. Let f(q) = -13*d(q) - 6*j(q). Give f(5).
-1
Suppose 34*j - 12 = 36*j. Let o(x) = x**2 + 9*x - 3. What is o(j)?
-21
Let c(t) = t + 18. Let u be c(-7). Let v(l) = -u*l - 1 + 4 + 16*l - l**2. Determine v(6).
-3
Let g = -47 + 33. Let d be (-10)/g - (-4)/14. Let s(k) be the second derivative of -k**4/12 + k**3/6 + k**2/2 + 17*k. Give s(d).
1
Let d(u) = -12*u - 5. Let z(o) = 133*o + 56. Let c(i) = 56*d(i) + 5*z(i). Suppose 0*x = 13*x - 13. Calculate c(x).
-7
Let t = 4 - 0. Suppose h - 15 = -t*h. Let n(k) = 3*k + 4. Let y(j) = -3*j - 3. Let u(z) = 2*n(z) + 3*y(z). Calculate u(h).
-10
Suppose 0 = -3*i + 4*j + 29, 4*i + j + 16 = 80. Suppose 3*m - 4*v = i, -5*v = 3*m + 2*m + 10. Let s(q) = -3*q**2. Calculate s(m).
-3
Suppose 5*s - t = 6 - 0, -2 = 2*t. Suppose -u = -s - 0. Let w(i) = 2*i - 2*i**2 + 3*i**2 - 2*i**2. What is w(u)?
1
Let k(x) be the third derivative of x**4/2 - x**3/6 - 9*x**2. Determine k(1).
11
Let l(b) = b**2 - 5*b - 6. Suppose 25 = 5*z - c, -5*z + 3*c + 31 = 6. Calculate l(z).
-6
Suppose -2*l = 4*d + 26, -l + 14 = -2*d - 3*l. Let m(g) = -g**2 - 7*g - 8. Give m(d).
-2
Let j(y) = 25*y**2 + 2*y + 2. Let w(o) = 12*o**2 + o + 1. Let r(t) = 3*j(t) - 7*w(t). Suppose b + 2*b = -3. Let m be b/3*6/2. What is r(m)?
-9
Let k(d) be the third derivative of d**6/120 + d**5/10 - 7*d**4/24 - 5*d**3/6 - 39*d**2. What is k(-7)?
-5
Let w(a) = 2*a - 12. Let t = 69 - 61. Calculate w(t).
4
Let g(i) = -i + 3*i - 4 + 2. Let l = 2 - 4. Determine g(l).
-6
Let h(q) = q + 5. Suppose 2*p + 2 = 3*l + 4, 4 = 2*l. Suppose -p*v = -z - 5, 0 = -4*v - 2*z - 0*z + 14. Let k be (-6)/((3 - 2)*v). Give h(k).
2
Let t = 8 - 4. Let s(w) = 3*w**2 - 2*w + 1. Let j(a) be the first derivative of 13*a**3/3 - 7*a**2/2 + 5*a + 1. Let h(p) = -2*j(p) + 9*s(p). Give h(t).
-1
Let q(m) be the second derivative of m**5/60 + m**4/4 + m**3/6 + 2*m**2 + 4*m. Let s(b) be the first derivative of q(b). What is s(-4)?
-7
Let d be (-105)/30*2/(-7). Let x(y) = 17*y**2 + y - 1. What is x(d)?
17
Let z = 14 - 6. Let m be (18/15)/(z/(-20)). Let u(t) = t. Calculate u(m).
-3
Let r(b) = -b**3 + b**2 - b + 5. Suppose 0 = 2*d - 4*d - 4*g - 8, g - 8 = -3*d. Suppose n - d = -0*n, -3*z - 2*n + 17 = 0. Let w = z - 3. What is r(w)?
5
Let j = 6 + -10. Let v(t) = t**2 - t + 3. Let f(z) = -2*z**2 + 3*z - 6. Let n(p) = -2*f(p) - 5*v(p). What is n(j)?
-15
Suppose -4*f + 120 = -f. Suppose -2*u + 8 = -c - 6, f = -4*c + 4*u. Let o = -4 - c. Let m(i) = 2*i**2 - i. Determine m(o).
6
Let s(r) = r**2 + 3*r - 2. Suppose -1 - 2 = -3*l. Suppose -v - 1 = l. Give s(v).
-4
Suppose 5*t + 0*j = -j, -5*t - 3*j - 10 = 0. Suppose 4*n = -t - 7. Let d(g) be the first derivative of -g**2 - 2. Give d(n).
4
Suppose 5*l = l. Let a(f) = 7*f**3 - 5*f**2 - f - 7. Let h(y) = 6*y**3 - 4*y**2 - y - 8. Let u(o) = 5*a(o) - 6*h(o). Determine u(l).
13
Let y(v) be the third derivative of v**5/60 - v**4/6 + 2*v**3/3 + 8*v**2. Calculate y(4).
4
Let u = 1 + 5. Let w(i) = -2*i**2 + 5*i**2 + 8 + 5*i**2 - i**3 - 6*i - i**2. What is w(u)?
8
Let f be 3/2*(-16)/24. Let g(c) = -6*c - 1. Calculate g(f).
5
Let n(y) = -3*y - 13. Let w(c) = 7*c + 27. Suppose -4*p = -1 + 9. Let z(a) = p*w(a) - 5*n(a). Calculate z(0).
11
Suppose -1 = 2*d - 7. Let q be d*-1 + (4 - 4). Let f(p) = -p**3 - 2*p + 0*p**3 - 3*p**2 + 0 + 3. Determine f(q).
9
Let n(h) = -h**3 - 6*h**2 + 5*h - 12. Let g be n(-7). Let o(b) be the first derivative of -1/3*b**3 - g*b - 2 - 1/4*b**4 + 3/2*b**2. Give o(-3).
7
Suppose j + 3*j = -3*q + 34, j = 4. Let v(r) = -r + 4. Determine v(q).
-2
Let i(r) = -7*r**2 + 12*r - 16*r + 3*r**2. What is i(-3)?
-24
Let m(s) = 29*s - 26. Let j(x) = -10*x + 9. Let t(c) = 17*j(c) + 6*m(c). Determine t(2).
5
Let w(o) = -o + 12. Let i = -11 - -22. Calculate w(i).
1
Suppose 0 = -2*l - c + 12 - 5, 0 = -5*c + 15. Suppose -2*s = -3*s - 4*y - 17, -4 = -4*s + l*y. Let t(z) = -4*z**2 - z - 1. Determine t(s).
-4
Let k(x) be the first derivative of -x**4/4 - x**2/2 - 6*x - 13. Determine k(0).
-6
Let y(h) = h + 1. Let r be (-7)/((-70)/(-45))*4/3. Determine y(r).
-5
Let b be 2*(2 - 6/2). Let h be (-3)/(b*3/6). Let s(c) = c**3 - 3*c**2 + 3*c - 2. What is s(h)?
7
Let f be 0 - 6/(-4) - 0. Let j(h) be the first derivative of -h + 1/3*h**3 - 3 + f*h**2. Determine j(-4).
3
Let r(t) = -t**2 + 58 - 53 - t + 0*t. Give r(-5).
-15
Let o be (4/(-10))/(2/(-20)). Suppose -2*q + 3*x = -4, -o*q - 4*x + 4 = -4. Let s(t) = -2*t - 2*t + 4*t - q*t + 6. Calculate s(5).
-4
Let x = 2 + 1. Let l be ((-2)/(8/(-20)))/1. Let m(y) = 2*y**2 - 2*y - 11. Let c(u) = u**2 - u - 5. Let a(i) = l*c(i) - 2*m(i). Give a(x).
3
Let q(n) = -n**3 + 3*n**2 + 5*n - 2. Suppose 2 = 10*u - 48. Give q(u).
-27
Let r(m) = -m**3 - 5*m**2 + 9*m + 5. Let z = 7 - 13. Give r(z).
-13
Let x(l) = -4*l**3 + l**2 + 2*l + 1. Suppose -k - 3 + 0 = 0. Let m = 1 - k. Suppose -m*r - 6 = -2. Give x(r).
4
Let h(r) be the third derivative of -r**8/20160 - r**7/1260 + r**6/120 + r**5/20 - 3*r**2. Let f(i) be the third derivative of h(i). Determine f(-5).
1
Let m be 5 + 0*(-4 + 3). Let t(v) = -v + m*v - 4*v + 8*v**3 - 1 - 2*v. Determine t(-1).
-7
Let w(m) = -m**2 - 8*m + 13. Let c be w(-9). Suppose c*o = 3*o. Let f(r) = r**3 - r**2. Calculate f(o).
0
Let f(p) be the first derivative of 0*p + 0*p**2 - 1/3*p**3 + 1 - 1/4*p**4. Let j be (-4 - -2)/(-4)*-2. Determine f(j).
0
Let r(d) = 3*d - 2. Let c = 4 - 4. Suppose c = 6*o - 3*o + 5*f - 20, -4*f - 6 = -2*o. Suppose -3*q + 0 = g + 2, -10 = o*g + 4*q. Calculate r(g).
-8
Let v(h) = -h - 6. Let w(q) = 1. Let t(a) = v(a) + 3*w(a). Suppose 4*s + 5*k + 9 = -0*s, 0 = -4*s + 5*k - 39. Calculate t(s).
3
Let s(g) be the third d